 + 4?
3171c
In base 7, what is 11444 + 33424?
45201
In base 4, what is 202 - 3331323?
-3331121
In base 3, what is 21011202100 + -1010?
21011201020
In base 6, what is -22521 + 255553?
233032
In base 6, what is 12033 + -3425?
4204
In base 4, what is -210303231033 - -3?
-210303231030
In base 11, what is -211 - -20516?
20305
In base 8, what is 120334233 + 4?
120334237
In base 13, what is 0 + 5c1389?
5c1389
In base 14, what is -3489da - -10?
-3489ca
In base 2, what is 1101001010000101000011111 - 11?
1101001010000101000011100
In base 4, what is 0 - 1010020332032?
-1010020332032
In base 15, what is 109 + 18528?
18632
In base 4, what is 21 - 10133131113?
-10133131032
In base 11, what is 5 - 3460801?
-34607a7
In base 5, what is -223242241 + 0?
-223242241
In base 11, what is 10a019096 - -2?
10a019098
In base 14, what is -6c5d8 + -a?
-6c604
In base 14, what is 40db7abb + 0?
40db7abb
In base 11, what is -5 - -15927889?
15927884
In base 5, what is -412032112 + 1033?
-412031024
In base 2, what is 100110111000001 - -1010001010?
101000001001011
In base 4, what is 320 - -1133033?
1200013
In base 14, what is -c0 + -106c?
-114c
In base 15, what is -9b971c2 - 4?
-9b971c6
In base 6, what is 112 + -120415?
-120303
In base 9, what is 1375 + -110330?
-107844
In base 10, what is 378 + -4738?
-4360
In base 4, what is 1101221322 + -103?
1101221213
In base 8, what is 450 + 15335621?
15336271
In base 4, what is 1122222130 - 10032?
1122212032
In base 5, what is 102324024 - 1021?
102323003
In base 8, what is 7 - 33535525?
-33535516
In base 8, what is 5 - 6020537?
-6020532
In base 5, what is 2100230 + 2140?
2102420
In base 12, what is -1 - -8a7b11?
8a7b10
In base 11, what is -9668a10 + 6?
-9668a05
In base 3, what is 2002120 - -11110111?
20120001
In base 2, what is 1101100010100010101000111110 + 10?
1101100010100010101001000000
In base 14, what is -21d1 - 2b1?
-24a2
In base 12, what is 5 - -1563b37?
1563b40
In base 2, what is 100111 + -1111100001000110000?
-1111100001000001001
In base 7, what is 1131 - 656021?
-654560
In base 12, what is 148 + -4b?
b9
In base 2, what is 1010 - 1111011101010100000111101?
-1111011101010100000110011
In base 4, what is 1100222222 + 2010?
1100230232
In base 2, what is -1010110 + -10111101011000000010110?
-10111101011000001101100
In base 9, what is 2 - -32775377?
32775380
In base 14, what is -b7897 + 6?
-b7891
In base 5, what is 22421204422 - -10?
22421204432
In base 12, what is -8284 - -309?
-7b77
In base 9, what is -1 - 128716025?
-128716026
In base 6, what is -230 + 225455?
225225
In base 9, what is 10182 - -1755?
12047
In base 14, what is 8d0 + 64cd8?
657c8
In base 11, what is 28 + -a32a0?
-a3273
In base 2, what is -111011010001111110110 - 111?
-111011010001111111101
In base 8, what is -5526411 + 42?
-5526347
In base 7, what is 501 - 36246?
-35445
In base 8, what is 426257421 - -4?
426257425
In base 15, what is -8 - -233c62a?
233c622
In base 4, what is 30301000 + -2333?
30232001
In base 7, what is -116523654420 - -1?
-116523654416
In base 2, what is -10010000000110111111 + 1010?
-10010000000110110101
In base 8, what is 21610632 - -5?
21610637
In base 2, what is -1000011010011110100101 - -1?
-1000011010011110100100
In base 7, what is -63236 + 36205?
-24031
In base 10, what is -9 - -141357304?
141357295
In base 9, what is 0 - -11763382?
11763382
In base 14, what is -5a - -b942?
b8c6
In base 10, what is 1463312 - -61?
1463373
In base 4, what is 10 + -1121100233111?
-1121100233101
In base 16, what is -149d1 - 23a?
-14c0b
In base 8, what is -3250 + 15255?
12005
In base 15, what is b91a - -106?
ba21
In base 12, what is 18 - -4977187?
49771a3
In base 12, what is -570695b - 0?
-570695b
In base 15, what is bd066 + a?
bd071
In base 4, what is 131102012 + 1202202?
132310220
In base 16, what is 7ee89 + -bc?
7edcd
In base 15, what is 8c2b6 + -19?
8c29c
In base 16, what is -610f + -239?
-6348
In base 12, what is -1374706b - 4?
-13747073
In base 12, what is 6a7 + 33753?
3423a
In base 16, what is 20d02 + ed?
20def
In base 10, what is 145 - 478340?
-478195
In base 3, what is -20100211110200 + -12?
-20100211110212
In base 14, what is ab + 15451?
1551c
In base 15, what is e5 + -2079?
-1e84
In base 3, what is -2102212 - 11110121221?
-11120001210
In base 11, what is 271964a + 2?
2719651
In base 2, what is 10010000011011 - -10110000000?
10100110011011
In base 14, what is ba2371 - -25?
ba2396
In base 6, what is 4 - -43430044?
43430052
In base 11, what is 4 - 14495919?
-14495915
In base 11, what is 34 - -17267?
172a0
In base 2, what is -1111100011 + -100100110010110000110?
-100100110100101101001
In base 9, what is 6338 + 5007?
12346
In base 16, what is -11 - -20845f?
20844e
In base 8, what is -25 + -17550617?
-17550644
In base 14, what is -3d387 + -ca2?
-40249
In base 2, what is -10 - -10001000000110100111110?
10001000000110100111100
In base 11, what is -4 + 540515?
540511
In base 16, what is 910fe56 + 3?
910fe59
In base 5, what is 34020 + 10?
34030
In base 14, what is -27 - 38272?
-38299
In base 6, what is -14 - -2044035532?
2044035514
In base 11, what is 753a + 12?
7551
In base 16, what is 33b - -4ee24?
4f15f
In base 13, what is -77 + -8152?
-81c9
In base 8, what is -256701500 - -3?
-256701475
In base 3, what is 102112002 + 22012002?
201201011
In base 9, what is -550 - -587586?
587036
In base 13, what is 1 - 866877?
-866876
In base 8, what is 25165 - -4133?
31320
In base 5, what is -431212234 + 130?
-431212104
In base 8, what is -3552 + 3440?
-112
In base 12, what is 40524a + -95?
405175
In base 3, what is -101122211 - 112?
-101200100
In base 14, what is 1c - -7c87d?
7c89b
In base 11, what is 0 - 19158730?
-19158730
In base 2, what is -11011001 - 100111111001010?
-101000010100011
In base 3, what is -212011022000202 - 10?
-212011022000212
In base 4, what is -33010000 + -33?
-33010033
In base 2, what is 11100001110011000100100 - -1010?
11100001110011000101110
In base 11, what is -10175502 - -3?
-101754aa
In base 12, what is 299a43 - -61?
299aa4
In base 12, what is 2657 - 29a?
2379
In base 8, what is 152 + 11242?
11414
In base 15, what is 0 + -85d34a3?
-85d34a3
In base 12, what is 10433b8 - -60?
1043458
In base 9, what is 2 + -65212857?
-65212855
In base 16, what is 1990d + 7b?
19988
In base 4, what is -220222021 - -12031?
-220203330
In base 12, what is 0 - -1a8b748?
1a8b748
In base 8, what is -6 - -1406306?
1406300
In base 12, what is -15827704 - -1?
-15827703
In base 16, what is 234f - 8d2?
1a7d
In base 15, what is ad + 11d60?
11e1d
In base 11, what is -13 + 4a77149?
4a77136
In base 6, what is 20 + 253032244?
253032304
In base 5, what is -24002420 - 0?
-24002420
In base 5, what is -114 - 23010000?
-23010114
In base 5, what is -4 + -1202041233104?
-1202041233113
In base 13, what is -1 - 889c41?
-889c42
In base 12, what is -17 - -290081?
290066
In base 3, what is -2 - 121101201012000?
-121101201012002
In base 8, what is -1251364 - 151?
-1251535
In base 4, what is 32333102 + 31?
32333133
In base 12, what is -16b7 + -1745?
-3240
In base 7, what is 142416 - 544?
141542
In base 3, what is 11 - -21022122102101100?
21022122102101111
In base 14, what is c4 - -6c63?
6d47
In base 4, what is 130123310310 + 2?
130123310312
In base 16, what is -403 - -64ecc?
64ac9
In base 7, what is -1 - 102024065?
-102024066
In base 7, what is 301 + 46106?
46410
In base 2, what is -1 - -10011010111110011100001000000?
10011010111110011100000111111
In base 14, what is -2282 + -169?
-240b
In base 14, what is 2295a4 - -103?
2296a7
In base 16, what is 8 - -1470a94?
1470a9c
In base 10, what is 545 - -8003?
8548
In base 8, what is -217 + -661321?
-661540
In base 6, what is 5 - -2545435554?
2545440003
In base 2, what is 1000111111000111100 + 1001001010?
1001000000010000110
In base 15, what is -2958a36 - -4?
-2958a32
In base 13, what is -2a1c0 + cc?
-2a0c1
In base 10, what is -15081 + 822?
-14259
In base 9, what is 364 - -247024?
247388
In base 5, what is 401121333034 + -13?
401121333021
In base 14, what is 2 - -d3185a1?
d3185a3
In base 8, what is 2 + 17502673?
17502675
In base 3, what is 100010111101211 + -11?
100010111101200
In base 15, what is -b5748a6 - 3?
-b5748a9
In base 5, what is -1341401330 - 10?
-1341401340
In base 14, what is -1483cd0 + 0?
-1483cd0
In base 3, what is -1010202121 - -1210212